{"id":880,"date":"2023-06-07T14:35:22","date_gmt":"2023-06-07T19:35:22","guid":{"rendered":"http:\/\/municipiolahuacana.com\/?page_id=880"},"modified":"2023-06-08T00:24:32","modified_gmt":"2023-06-08T05:24:32","slug":"capam-lgcg-4to-trimestre-2022","status":"publish","type":"page","link":"https:\/\/municipiolahuacana.com\/index.php\/capam-lgcg-4to-trimestre-2022\/","title":{"rendered":"CAPAM &#8211; LGCG 4to Trimestre 2022"},"content":{"rendered":"\n<div class=\"wp-block-themeisle-blocks-advanced-columns has-1-columns has-desktop-equal-layout has-tablet-equal-layout has-mobile-equal-layout has-default-gap has-vertical-unset\" id=\"wp-block-themeisle-blocks-advanced-columns-35fff5af\"><div class=\"wp-block-themeisle-blocks-advanced-columns-overlay\"><\/div><div class=\"innerblocks-wrap\">\n<div class=\"wp-block-themeisle-blocks-advanced-column\" id=\"wp-block-themeisle-blocks-advanced-column-c2ff5370\">\n<figure class=\"wp-block-table is-style-stripes\"><table><tbody><tr><td><a href=\"https:\/\/municipiolahuacana.com\/capam\/LGCG\/2022\/4to_Trim\/endeudamiento%20neto%204totri2022.PDF\" title=\"Endeudamiento Neto\">Endeudamiento Neto<\/a><\/td><\/tr><tr><td><a href=\"https:\/\/municipiolahuacana.com\/capam\/LGCG\/2022\/4to_Trim\/est.anaejerpreegradmon4totri2022.PDF\" title=\"Estado Anal\u00edtico Ejercicio Presupuesto Egresos Admon\">Estado Anal\u00edtico Ejercicio Presupuesto Egresos Admon<\/a><\/td><\/tr><tr><td><a href=\"https:\/\/municipiolahuacana.com\/capam\/LGCG\/2022\/4to_Trim\/est.anal.ejerpre.egrescla.econ4totri2022.PDF\" title=\"Estado Anal\u00edtico Ejercicio Presupuesto Egresos Clasificaci\u00f3n Econ\u00f3mica\">Estado Anal\u00edtico Ejercicio Presupuesto Egresos Clasificaci\u00f3n Econ\u00f3mica<\/a><\/td><\/tr><tr><td><a href=\"https:\/\/municipiolahuacana.com\/capam\/LGCG\/2022\/4to_Trim\/est.analejercpresupegrecalsifuncional4totri2022.PDF\" title=\"Estado Anal\u00edtico Ejercicio Presupuesto Egresos Clasificaci\u00f3n Funcional\">Estado Anal\u00edtico Ejercicio Presupuesto Egresos Clasificaci\u00f3n Funcional<\/a><\/td><\/tr><tr><td><a href=\"https:\/\/municipiolahuacana.com\/capam\/LGCG\/2022\/4to_Trim\/est.analejercpresupegreclasobtigasto4totri2022.PDF\" title=\"Estado Anal\u00edtico Ejercicio Presupuesto Egresos Clasificaci\u00f3n Gasto\">Estado Anal\u00edtico Ejercicio Presupuesto Egresos Clasificaci\u00f3n Gasto<\/a><\/td><\/tr><tr><td><a href=\"https:\/\/municipiolahuacana.com\/capam\/LGCG\/2022\/4to_Trim\/est.camb.situ.finan4totri2022.PDF\" title=\"Estado Cambio Situaci\u00f3n Financiera\">Estado Cambio Situaci\u00f3n Financiera<\/a><\/td><\/tr><tr><td><a href=\"https:\/\/municipiolahuacana.com\/capam\/LGCG\/2022\/4to_Trim\/est.sitac.finan4tori2022.PDF\" title=\"Estado Situaci\u00f3n Financiera\">Estado Situaci\u00f3n Financiera<\/a><\/td><\/tr><tr><td><a href=\"https:\/\/municipiolahuacana.com\/capam\/LGCG\/2022\/4to_Trim\/est.varhacpubli4totri2022.PDF\" title=\"Estado Variaci\u00f3n Hacienda P\u00fablica\">Estado Variaci\u00f3n Hacienda P\u00fablica<\/a><\/td><\/tr><tr><td><a href=\"https:\/\/municipiolahuacana.com\/capam\/LGCG\/2022\/4to_Trim\/esta%20de%20activ%204totri%202022.PDF\" title=\"Estado de Actividades\">Estado de Actividades<\/a><\/td><\/tr><tr><td><a href=\"https:\/\/municipiolahuacana.com\/capam\/LGCG\/2022\/4to_Trim\/estanalitide%20ingresos4totri2022.PDF\" title=\"Estado Anal\u00edtico de Ingresos\">Estado Anal\u00edtico de Ingresos<\/a><\/td><\/tr><tr><td><a href=\"https:\/\/municipiolahuacana.com\/capam\/LGCG\/2022\/4to_Trim\/estd.analitactivo4totri2022.PDF\" title=\"Estado Anal\u00edtico del Activo\">Estado Anal\u00edtico del Activo<\/a><\/td><\/tr><tr><td><a href=\"https:\/\/municipiolahuacana.com\/capam\/LGCG\/2022\/4to_Trim\/estdanltideudaotrospasi4totri2022.PDF\" title=\"Estado Anal\u00edtico Deuda Otros Pasivos\">Estado Anal\u00edtico Deuda Otros Pasivos<\/a><\/td><\/tr><tr><td><a href=\"https:\/\/municipiolahuacana.com\/capam\/LGCG\/2022\/4to_Trim\/estdflujoefec4totri2022.PDF\" title=\"Estado Flujo Efectivo\">Estado Flujo Efectivo<\/a><\/td><\/tr><tr><td><a href=\"https:\/\/municipiolahuacana.com\/capam\/LGCG\/2022\/4to_Trim\/gastoxcategprogramatica%204totri2022.PDF\" title=\"Gasto por Categor\u00eda Program\u00e1tica\">Gasto por Categor\u00eda Program\u00e1tica<\/a><\/td><\/tr><tr><td><a href=\"https:\/\/municipiolahuacana.com\/capam\/LGCG\/2022\/4to_Trim\/indicadores%20de%20resultados4totri2022.PDF\" title=\"Indicadores de Resultados\">Indicadores de Resultados<\/a><\/td><\/tr><tr><td><a href=\"https:\/\/municipiolahuacana.com\/capam\/LGCG\/2022\/4to_Trim\/informpasivosconting4toitri2022.PDF\" title=\"Informe Pasivos Contingentes\">Informe Pasivos Contingentes<\/a><\/td><\/tr><tr><td><a href=\"https:\/\/municipiolahuacana.com\/capam\/LGCG\/2022\/4to_Trim\/intereses%20de%20la%20deuda4totri2022.PDF\" title=\"Intereses de la Deuda\">Intereses de la Deuda<\/a><\/td><\/tr><tr><td><a href=\"https:\/\/municipiolahuacana.com\/capam\/LGCG\/2022\/4to_Trim\/inv%20bienes%20muebles%20inmuebles%204totri2022.PDF\" title=\"Inventario Bienes Muebles e Inmuebles\">Inventario Bienes Muebles e Inmuebles<\/a><\/td><\/tr><tr><td><a href=\"https:\/\/municipiolahuacana.com\/capam\/LGCG\/2022\/4to_Trim\/notasestadosfinancieros4totri2022.PDF\" title=\"Notas Estados Financieros\">Notas Estados Financieros<\/a><\/td><\/tr><\/tbody><\/table><\/figure>\n<\/div>\n<\/div><\/div>\n\n\n\n<p><strong>NORMATIVIDAD<\/strong><\/p>\n\n\n\n<figure class=\"wp-block-table is-style-stripes\"><table><tbody><tr><td><a href=\"https:\/\/municipiolahuacana.com\/capam\/LGCG\/2022\/NORMATIVIDAD\/4%20TRIMESTRE\/inventario de bienes muebles.pdf\" title=\"inventario de bienes muebles\">inventario de bienes muebles<\/a><\/td><\/tr><tr><td><a href=\"https:\/\/municipiolahuacana.com\/capam\/LGCG\/2022\/NORMATIVIDAD\/4%20TRIMESTRE\/Lineamientos de informaci\u00f3n p\u00fablica financiera para el FAIS.pdf\" title=\"Lineamientos de informaci\u00f3n p\u00fablica financiera para el FAIS\">Lineamientos de informaci\u00f3n p\u00fablica financiera para el FAIS<\/a><\/td><\/tr><tr><td><a href=\"https:\/\/municipiolahuacana.com\/capam\/LGCG\/2022\/NORMATIVIDAD\/4%20TRIMESTRE\/NORMA para establecer la estructura de inf de montos pagados por ayudas y subsidios.pdf\" title=\"NORMA para establecer la estructura de inf de montos pagados por ayudas y subsidios\">NORMA para establecer la estructura de inf de montos pagados por ayudas y subsidios<\/a><\/td><\/tr><tr><td><a href=\"https:\/\/municipiolahuacana.com\/capam\/LGCG\/2022\/NORMATIVIDAD\/4%20TRIMESTRE\/Norma para establecer la estructura de informaci\u00f3n del formato de aplicaci\u00f3n de recursos del FORTAMUN.pdf\" title=\"Norma para establecer la estructura de informaci\u00f3n del formato de aplicaci\u00f3n de recursos del FORTAMUN\">Norma para establecer la estructura de informaci\u00f3n del formato de aplicaci\u00f3n de recursos del FORTAMUN<\/a><\/td><\/tr><tr><td><a href=\"https:\/\/municipiolahuacana.com\/capam\/LGCG\/2022\/NORMATIVIDAD\/4%20TRIMESTRE\/Normas para establecer la estructura de informaci\u00f3n del formato del ejercicio y destino de gasto federalizado y reintegros.pdf\" title=\"Normas para establecer la estructura de informaci\u00f3n del formato del ejercicio y destino de gasto federalizado y reintegros\">Normas para establecer la estructura de informaci\u00f3n del formato del ejercicio y destino de gasto federalizado y reintegros<\/a><\/td><\/tr><tr><td><a href=\"http:\/\/www.municipiolahuacana.com\/capam\/LGCG\/2022\/4to_Trim\/Normatividad\/B%29INICIATIVA%20DE%20DECRETO%20DE%20LA%20LEY%20DE%20INGRESOS%20CON%20EXP.%20DE%20MOTIVOS%202022.pdf\" title=\"B)INICIATIVA DE DECRETO DE LA LEY DE INGRESOS CON EXP. DE MOTIVOS\">B)INICIATIVA DE DECRETO DE LA LEY DE INGRESOS CON EXP. DE MOTIVOS<\/a><\/td><\/tr><tr><td><a href=\"http:\/\/www.municipiolahuacana.com\/capam\/LGCG\/2022\/4to_Trim\/Normatividad\/Lineamientos%20de%20informaci%C3%B3n%20p%C3%BAblica%20financiera%20para%20el%20Fondo%20de%20Aportaciones%20para%20la%20Infraestructura%20Social.pdf\" title=\"Lineamientos de informaci\u00f3n p\u00fablica financiera para el Fondo de Aportaciones para la Infraestructura Social\">Lineamientos de informaci\u00f3n p\u00fablica financiera para el Fondo de Aportaciones para la Infraestructura Social<\/a><\/td><\/tr><tr><td><a href=\"http:\/\/www.municipiolahuacana.com\/capam\/LGCG\/2022\/4to_Trim\/Normatividad\/Norma%20para%20armonizar%20la%20presentaci%C3%B3n%20de%20la%20informaci%C3%B3n%20adicional%20del%20Proyecto%20del%20Presupuesto%20de%20Egresos_.pdf\" title=\"Norma para armonizar la presentaci\u00f3n de la informaci\u00f3n adicional del Proyecto del Presupuesto de Egresos\">Norma para armonizar la presentaci\u00f3n de la informaci\u00f3n adicional del Proyecto del Presupuesto de Egresos<\/a><\/td><\/tr><tr><td><a href=\"http:\/\/www.municipiolahuacana.com\/capam\/LGCG\/2022\/4to_Trim\/Normatividad\/Norma%20para%20establecer%20el%20formato%20para%20la%20difusi%C3%B3n%20de%20los%20resultados%20de%20las%20evaluaciones%20de%20los%20recursos%20federales%20ministrados%20a%20las%20entidades%20fe.pdf\" title=\"Norma para establecer el formato para la difusi\u00f3n de los resultados de las evaluaciones de los recursos federales ministrados a las entidades fe\">Norma para establecer el formato para la difusi\u00f3n de los resultados de las evaluaciones de los recursos federales ministrados a las entidades fe<\/a><\/td><\/tr><tr><td><a href=\"http:\/\/www.municipiolahuacana.com\/capam\/LGCG\/2022\/4to_Trim\/Normatividad\/Norma%20para%20establecer%20la%20estructura%20de%20informaci%C3%B3n%20de%20la%20relaci%C3%B3n%20de%20las%20cuentas%20bancarias%20productivas.pdf\" title=\"Norma para establecer la estructura de informaci\u00f3n de la relaci\u00f3n de las cuentas bancarias productivas\">Norma para establecer la estructura de informaci\u00f3n de la relaci\u00f3n de las cuentas bancarias productivas<\/a><\/td><\/tr><tr><td><a href=\"http:\/\/www.municipiolahuacana.com\/capam\/LGCG\/2022\/4to_Trim\/Normatividad\/Norma%20para%20establecer%20la%20estructura%20de%20informaci%C3%B3n%20del%20formato%20de%20programas%20con%20recursos%20federales%20por%20orden%20de%20gobierno.pdf\" title=\"Norma para establecer la estructura de informaci\u00f3n del formato de programas con recursos federales por orden de gobierno\">Norma para establecer la estructura de informaci\u00f3n del formato de programas con recursos federales por orden de gobierno<\/a><\/td><\/tr><tr><td><a href=\"http:\/\/www.municipiolahuacana.com\/capam\/LGCG\/2022\/4to_Trim\/Normatividad\/Norma%20para%20establecer%20la%20estructura%20de%20los%20formatos%20de%20informaci%C3%B3n%20de%20obligaciones%20pagadas%20o%20garantizadas%20con%20fondos%20federales.pdf\" title=\"Norma para establecer la estructura de los formatos de informaci\u00f3n de obligaciones pagadas o garantizadas con fondos federales\">Norma para establecer la estructura de los formatos de informaci\u00f3n de obligaciones pagadas o garantizadas con fondos federales<\/a><\/td><\/tr><tr><td><a href=\"http:\/\/www.municipiolahuacana.com\/capam\/LGCG\/2022\/4to_Trim\/Normatividad\/Norma%20para%20establecer%20la%20estructura%20del%20Calendario%20de%20Ingresos%20base%20mensual.pdf\" title=\"Norma para establecer la estructura del Calendario de Ingresos base mensual\">Norma para establecer la estructura del Calendario de Ingresos base mensual<\/a><\/td><\/tr><tr><td><a href=\"http:\/\/www.municipiolahuacana.com\/capam\/LGCG\/2022\/4to_Trim\/Normatividad\/Norma%20para%20establecer%20la%20estructura%20del%20Calendario%20del%20Presupuesto%20de%20Egresos%20base%20mensual_.pdf\" title=\"Norma para establecer la estructura del Calendario del Presupuesto de Egresos base mensual\">Norma para establecer la estructura del Calendario del Presupuesto de Egresos base mensual<\/a><\/td><\/tr><tr><td><a href=\"http:\/\/www.municipiolahuacana.com\/capam\/LGCG\/2022\/4to_Trim\/Normatividad\/Norma%20para%20la%20difusi%C3%B3n%20a%20la%20ciudadan%C3%ADa%20de%20la%20Ley%20de%20Ingresos%20y%20del%20Presupuesto%20de%20Egresos_.pdf\" title=\"Norma para la difusi\u00f3n a la ciudadan\u00eda de la Ley de Ingresos y del Presupuesto de Egresos\">Norma para la difusi\u00f3n a la ciudadan\u00eda de la Ley de Ingresos y del Presupuesto de Egresos<\/a><\/td><\/tr><\/tbody><\/table><\/figure>\n","protected":false},"excerpt":{"rendered":"<p>NORMATIVIDAD inventario de bienes muebles Lineamientos de informaci\u00f3n p\u00fablica financiera para el FAIS NORMA para establecer la estructura de inf de montos pagados por ayudas y subsidios Norma para establecer la estructura de informaci\u00f3n del formato de aplicaci\u00f3n de recursos del FORTAMUN Normas para establecer la estructura de informaci\u00f3n del [&hellip;]<\/p>\n","protected":false},"author":1,"featured_media":0,"parent":0,"menu_order":0,"comment_status":"closed","ping_status":"closed","template":"","meta":{"om_disable_all_campaigns":false,"_monsterinsights_skip_tracking":false,"_monsterinsights_sitenote_active":false,"_monsterinsights_sitenote_note":"","_monsterinsights_sitenote_category":0,"footnotes":""},"class_list":["post-880","page","type-page","status-publish","hentry"],"aioseo_notices":[],"_links":{"self":[{"href":"https:\/\/municipiolahuacana.com\/index.php\/wp-json\/wp\/v2\/pages\/880","targetHints":{"allow":["GET"]}}],"collection":[{"href":"https:\/\/municipiolahuacana.com\/index.php\/wp-json\/wp\/v2\/pages"}],"about":[{"href":"https:\/\/municipiolahuacana.com\/index.php\/wp-json\/wp\/v2\/types\/page"}],"author":[{"embeddable":true,"href":"https:\/\/municipiolahuacana.com\/index.php\/wp-json\/wp\/v2\/users\/1"}],"replies":[{"embeddable":true,"href":"https:\/\/municipiolahuacana.com\/index.php\/wp-json\/wp\/v2\/comments?post=880"}],"version-history":[{"count":11,"href":"https:\/\/municipiolahuacana.com\/index.php\/wp-json\/wp\/v2\/pages\/880\/revisions"}],"predecessor-version":[{"id":934,"href":"https:\/\/municipiolahuacana.com\/index.php\/wp-json\/wp\/v2\/pages\/880\/revisions\/934"}],"wp:attachment":[{"href":"https:\/\/municipiolahuacana.com\/index.php\/wp-json\/wp\/v2\/media?parent=880"}],"curies":[{"name":"wp","href":"https:\/\/api.w.org\/{rel}","templated":true}]}}