{"id":782,"date":"2023-05-16T00:40:08","date_gmt":"2023-05-16T05:40:08","guid":{"rendered":"http:\/\/municipiolahuacana.com\/?page_id=782"},"modified":"2023-05-16T00:40:09","modified_gmt":"2023-05-16T05:40:09","slug":"dif-sevac-3er-trimestre-2022","status":"publish","type":"page","link":"https:\/\/municipiolahuacana.com\/index.php\/dif-sevac-3er-trimestre-2022\/","title":{"rendered":"DIF &#8211; SEVAC 3ER TRIMESTRE 2022"},"content":{"rendered":"\n<figure class=\"wp-block-table is-style-stripes\"><table><tbody><tr><td><a href=\"https:\/\/municipiolahuacana.com\/DIF\/2022\/SEVAC\/3er_Trim\/D.2.1 Estado de Actividades.pdf\" title=\"D.2.1 Estado de Actividades\">D.2.1 Estado de Actividades<\/a><\/td><\/tr><tr><td><a href=\"https:\/\/municipiolahuacana.com\/DIF\/2022\/SEVAC\/3er_Trim\/D.2.2 Estado de Situacion Financiera.pdf\" title=\"D.2.2 Estado de Situaci\u00f3n Financiera\">D.2.2 Estado de Situaci\u00f3n Financiera<\/a><\/td><\/tr><tr><td><a href=\"https:\/\/municipiolahuacana.com\/DIF\/2022\/SEVAC\/3er_Trim\/D.2.3 Estado de variacion en la Hacienda Publica.pdf\" title=\"D.2.3 Estado de variaci\u00f3n en la Hacienda Publica\">D.2.3 Estado de variaci\u00f3n en la Hacienda Publica<\/a><\/td><\/tr><tr><td><a href=\"https:\/\/municipiolahuacana.com\/DIF\/2022\/SEVAC\/3er_Trim\/D.2.4. Estado de cambio en la situacion Financiera.pdf\" title=\"D.2.4. Estado de cambio en la situaci\u00f3n Financiera\">D.2.4. Estado de cambio en la situaci\u00f3n Financiera<\/a><\/td><\/tr><tr><td><a href=\"https:\/\/municipiolahuacana.com\/DIF\/2022\/SEVAC\/3er_Trim\/D.2.5. Estado de Flujo de efectivo.pdf\" title=\"D.2.5. Estado de Flujo de efectivo\">D.2.5. Estado de Flujo de efectivo<\/a><\/td><\/tr><tr><td><a href=\"https:\/\/municipiolahuacana.com\/DIF\/2022\/SEVAC\/3er_Trim\/D.2.6. Informe sobre pasivos Contingentes.pdf\" title=\"D.2.6. Informe sobre pasivos Contingentes\">D.2.6. Informe sobre pasivos Contingentes<\/a><\/td><\/tr><tr><td><a href=\"https:\/\/municipiolahuacana.com\/DIF\/2022\/SEVAC\/3er_Trim\/D.2.7. Notas a los Estados Financieros.pdf\" title=\"D.2.7. Notas a los Estados Financieros\">D.2.7. Notas a los Estados Financieros<\/a><\/td><\/tr><tr><td><a href=\"https:\/\/municipiolahuacana.com\/DIF\/2022\/SEVAC\/3er_Trim\/D.2.8. Estado Analitico del activo.pdf\" title=\"D.2.8. Estado Anal\u00edtico del activo\">D.2.8. Estado Anal\u00edtico del activo<\/a><\/td><\/tr><tr><td><a href=\"https:\/\/municipiolahuacana.com\/DIF\/2022\/SEVAC\/3er_Trim\/D.2.9. Estado Analitico de la deuda y otros Pasivos.pdf\" title=\"D.2.9. Estado Anal\u00edtico de la deuda y otros Pasivos\">D.2.9. Estado Anal\u00edtico de la deuda y otros Pasivos<\/a><\/td><\/tr><tr><td><a href=\"https:\/\/municipiolahuacana.com\/DIF\/2022\/SEVAC\/3er_Trim\/D.3.1 Estado Analitico de Ingresos.pdf\" title=\"D.3.1. Estado Anal\u00edtico de Ingresos\">D.3.1. Estado Anal\u00edtico de Ingresos<\/a><\/td><\/tr><tr><td><a href=\"https:\/\/municipiolahuacana.com\/DIF\/2022\/SEVAC\/3er_Trim\/D.3.2. Estado analitico del Ejercicio del presupuesto de egresos con base en la clasificacion Administrativa.pdf\" title=\"D.3.2. Estado Anal\u00edtico del Ejercicio del presupuesto de egresos con base en la clasificaci\u00f3n Administrativa\">D.3.2. Estado Anal\u00edtico del Ejercicio del presupuesto de egresos con base en la clasificaci\u00f3n Administrativa<\/a><\/td><\/tr><tr><td><a href=\"https:\/\/municipiolahuacana.com\/DIF\/2022\/SEVAC\/3er_Trim\/D.3.3. Estado analitico del Ejercicio del presupuesto de Egresos con base en la clasificacion Economica ( por tipo de gasto ).pdf\" title=\"D.3.3. Estado Anal\u00edtico del Ejercicio del presupuesto de Egresos con base en la clasificaci\u00f3n Econ\u00f3mica\">D.3.3. Estado Anal\u00edtico del Ejercicio del presupuesto de Egresos con base en la clasificaci\u00f3n Econ\u00f3mica<\/a><\/td><\/tr><tr><td><a href=\"https:\/\/municipiolahuacana.com\/DIF\/2022\/SEVAC\/3er_Trim\/D.3.4. Estado analitico del Ejercicio del presupuesto de Egresos con base en la clasificacion por Objeto de Gasto.pdf\" title=\"D.3.4. Estado Anal\u00edtico del Ejercicio del presupuesto de Egresos con base en la clasificaci\u00f3n por Objeto de Gasto\">D.3.4. Estado Anal\u00edtico del Ejercicio del presupuesto de Egresos con base en la clasificaci\u00f3n por Objeto de Gasto<\/a><\/td><\/tr><tr><td><a href=\"https:\/\/municipiolahuacana.com\/DIF\/2022\/SEVAC\/3er_Trim\/D.3.5. Estado analitico del Ejercicio del presupuesto de Egresos con base en la clasificacion Funcional.pdf\" title=\"D.3.5. Estado Anal\u00edtico del Ejercicio del presupuesto de Egresos con base en la clasificaci\u00f3n Funcional\">D.3.5. Estado Anal\u00edtico del Ejercicio del presupuesto de Egresos con base en la clasificaci\u00f3n Funcional<\/a><\/td><\/tr><tr><td><a href=\"https:\/\/municipiolahuacana.com\/DIF\/2022\/SEVAC\/3er_Trim\/D.3.6. Endeudamiento Neto.pdf\" title=\"D.3.6. Endeudamiento Neto\">D.3.6. Endeudamiento Neto<\/a><\/td><\/tr><tr><td><a href=\"https:\/\/municipiolahuacana.com\/DIF\/2022\/SEVAC\/3er_Trim\/D.3.7. Intereses de la Deuda.pdf\" title=\"D.3.7. Intereses de la Deuda\">D.3.7. Intereses de la Deuda<\/a><\/td><\/tr><tr><td><a href=\"https:\/\/municipiolahuacana.com\/DIF\/2022\/SEVAC\/3er_Trim\/D.4.1 Gasto por categoria Programatica.pdf\" title=\"D.4.1 Gasto por categor\u00eda Program\u00e1tica\">D.4.1 Gasto por categor\u00eda Program\u00e1tica<\/a><\/td><\/tr><tr><td><a href=\"https:\/\/municipiolahuacana.com\/DIF\/2022\/SEVAC\/3er_Trim\/D.4.2. Indicadores de resultados.pdf\" title=\"D.4.2. Indicadores de resultados\">D.4.2. Indicadores de resultados<\/a><\/td><\/tr><\/tbody><\/table><\/figure>\n","protected":false},"excerpt":{"rendered":"<p>D.2.1 Estado de Actividades D.2.2 Estado de Situaci\u00f3n Financiera D.2.3 Estado de variaci\u00f3n en la Hacienda Publica D.2.4. Estado de cambio en la situaci\u00f3n Financiera D.2.5. Estado de Flujo de efectivo D.2.6. Informe sobre pasivos Contingentes D.2.7. Notas a los Estados Financieros D.2.8. Estado Anal\u00edtico del activo D.2.9. Estado Anal\u00edtico [&hellip;]<\/p>\n","protected":false},"author":1,"featured_media":0,"parent":0,"menu_order":0,"comment_status":"closed","ping_status":"closed","template":"","meta":{"om_disable_all_campaigns":false,"_monsterinsights_skip_tracking":false,"_monsterinsights_sitenote_active":false,"_monsterinsights_sitenote_note":"","_monsterinsights_sitenote_category":0,"footnotes":""},"class_list":["post-782","page","type-page","status-publish","hentry"],"aioseo_notices":[],"_links":{"self":[{"href":"https:\/\/municipiolahuacana.com\/index.php\/wp-json\/wp\/v2\/pages\/782","targetHints":{"allow":["GET"]}}],"collection":[{"href":"https:\/\/municipiolahuacana.com\/index.php\/wp-json\/wp\/v2\/pages"}],"about":[{"href":"https:\/\/municipiolahuacana.com\/index.php\/wp-json\/wp\/v2\/types\/page"}],"author":[{"embeddable":true,"href":"https:\/\/municipiolahuacana.com\/index.php\/wp-json\/wp\/v2\/users\/1"}],"replies":[{"embeddable":true,"href":"https:\/\/municipiolahuacana.com\/index.php\/wp-json\/wp\/v2\/comments?post=782"}],"version-history":[{"count":1,"href":"https:\/\/municipiolahuacana.com\/index.php\/wp-json\/wp\/v2\/pages\/782\/revisions"}],"predecessor-version":[{"id":783,"href":"https:\/\/municipiolahuacana.com\/index.php\/wp-json\/wp\/v2\/pages\/782\/revisions\/783"}],"wp:attachment":[{"href":"https:\/\/municipiolahuacana.com\/index.php\/wp-json\/wp\/v2\/media?parent=782"}],"curies":[{"name":"wp","href":"https:\/\/api.w.org\/{rel}","templated":true}]}}