{"id":1350,"date":"2025-02-18T01:42:39","date_gmt":"2025-02-18T06:42:39","guid":{"rendered":"https:\/\/municipiolahuacana.com\/?page_id=1350"},"modified":"2025-02-18T01:49:59","modified_gmt":"2025-02-18T06:49:59","slug":"dif-conac-4to-trimestre-2024","status":"publish","type":"page","link":"https:\/\/municipiolahuacana.com\/index.php\/dif-conac-4to-trimestre-2024\/","title":{"rendered":"DIF \u2013 CONAC 4TO TRIMESTRE 2024"},"content":{"rendered":"\n<figure class=\"wp-block-table is-style-stripes\"><table class=\"has-fixed-layout\"><tbody><tr><td><a href=\"https:\/\/municipiolahuacana.com\/DIF\/2024\/CONAC\/4to_Trim\/1%20.-%20estado%20de%20actividades.pdf\" title=\"\">1 .- Estado de actividades<\/a><\/td><\/tr><tr><td><a href=\"https:\/\/municipiolahuacana.com\/DIF\/2024\/CONAC\/4to_Trim\/2.-%20estado%20de%20situacion%20financiera.pdf\" title=\"\">2.- Estado de situaci\u00f3n financiera<\/a><\/td><\/tr><tr><td><a href=\"https:\/\/municipiolahuacana.com\/DIF\/2024\/CONAC\/4to_Trim\/3%20.-%20Estado_de_variaci%C3%B3n_en_la_hacienda_p%C3%BAblica.pdf\" title=\"\">3 .- Estado de variaci\u00f3n en la hacienda p\u00fablica<\/a><\/td><\/tr><tr><td><a href=\"https:\/\/municipiolahuacana.com\/DIF\/2024\/CONAC\/4to_Trim\/4%20.-%20Estado_de_cambios_en_la_situaci%C3%B3n_financiera_.pdf\" title=\"\">4 .- Estado de cambios en la situaci\u00f3n financiera<\/a><\/td><\/tr><tr><td><a href=\"https:\/\/municipiolahuacana.com\/DIF\/2024\/CONAC\/4to_Trim\/5%20.-Estado_de_flujos_de_efectivo_.pdf\" title=\"\">5 .-Estado de flujos de efectivo<\/a><\/td><\/tr><tr><td><a href=\"https:\/\/municipiolahuacana.com\/DIF\/2024\/CONAC\/4to_Trim\/6%20.-%20Estado_anal%C3%ADtico_del_activo_.pdf\" title=\"\">6 .- Estado anal\u00edtico del activo<\/a><\/td><\/tr><tr><td><a href=\"https:\/\/municipiolahuacana.com\/DIF\/2024\/CONAC\/4to_Trim\/7.-%20Estado%20analitico%20de%20la%20deuda%20y%20otros%20pasivos.pdf\" title=\"\">7.- Estado anal\u00edtico de la deuda y otros pasivos<\/a><\/td><\/tr><tr><td><a href=\"https:\/\/municipiolahuacana.com\/DIF\/2024\/CONAC\/4to_Trim\/8.-%20informe%20sobre%20el%20pasivo%20contingente.pdf\" title=\"\">8.- Informe sobre el pasivo contingente<\/a><\/td><\/tr><tr><td><a href=\"https:\/\/municipiolahuacana.com\/DIF\/2024\/CONAC\/4to_Trim\/9%20.-%20NOTAS%20ESTADOS%20FINANCIEROS%20CODIF.pdf\" title=\"\">9 .- Notas estados financieros codif<\/a><\/td><\/tr><tr><td><a href=\"https:\/\/municipiolahuacana.com\/DIF\/2024\/CONAC\/4to_Trim\/10.-%20Estado_anal%C3%ADtico_de_ingresos_.pdf\" title=\"\">10.- Estado anal\u00edtico de ingresos<\/a><\/td><\/tr><tr><td><a href=\"https:\/\/municipiolahuacana.com\/DIF\/2024\/CONAC\/4to_Trim\/11.-%20Estado%20del%20ejercicio%20de%20Egresos_por_clasificaci%C3%B3n_administrativa_.pdf\" title=\"\">11.- Estado del ejercicio de Egresos por clasificaci\u00f3n administrativa<\/a><\/td><\/tr><tr><td><a href=\"https:\/\/municipiolahuacana.com\/DIF\/2024\/CONAC\/4to_Trim\/12%20.-%20Egresos_por_clasificaci%C3%B3n_econ%C3%B3mica_por_tipo_de_gasto_.pdf\" title=\"\">12 .- Egresos por clasificaci\u00f3n econ\u00f3mica por tipo de gasto<\/a><\/td><\/tr><tr><td><a href=\"https:\/\/municipiolahuacana.com\/DIF\/2024\/CONAC\/4to_Trim\/13%20.-%20Egresos_por_clasificaci%C3%B3n_por_objeto_del_gasto.%20capitulo%20y%20concepto_.pdf\" title=\"\">13 .- Egresos por clasificaci\u00f3n por objeto del gasto capitulo y concepto<\/a><\/td><\/tr><tr><td><a href=\"https:\/\/municipiolahuacana.com\/DIF\/2024\/CONAC\/4to_Trim\/14%20.-%20Egresos%20por%20clasificacion%20funcional.pdf\" title=\"\">14 .- Egresos por clasificaci\u00f3n funcional<\/a><\/td><\/tr><tr><td><a href=\"https:\/\/municipiolahuacana.com\/DIF\/2024\/CONAC\/4to_Trim\/15.-%20Endeudamiento%20neto.pdf\" title=\"\">15.- Endeudamiento neto<\/a><\/td><\/tr><tr><td><a href=\"https:\/\/municipiolahuacana.com\/DIF\/2024\/CONAC\/4to_Trim\/16.-%20Intereses%20de%20la%20deuda.pdf\" title=\"\">16.- Intereses de la deuda<\/a><\/td><\/tr><tr><td><a href=\"https:\/\/municipiolahuacana.com\/DIF\/2024\/CONAC\/4to_Trim\/17.-%20Gasto%20por%20categoria%20programatica.pdf\" title=\"\">17.- Gasto por categor\u00eda program\u00e1tica<\/a><\/td><\/tr><tr><td><a href=\"https:\/\/municipiolahuacana.com\/DIF\/2024\/CONAC\/4to_Trim\/18.-%20indicadores%20de%20postura%20Fiscal.pdf\" title=\"\">18.- Indicadores de postura Fiscal<\/a><\/td><\/tr><tr><td><a href=\"https:\/\/municipiolahuacana.com\/DIF\/2024\/CONAC\/4to_Trim\/19.-%20Programas%20y%20proyectos.pdf\" title=\"\">19.- Programas y proyectos<\/a><\/td><\/tr><tr><td><a href=\"https:\/\/municipiolahuacana.com\/DIF\/2024\/CONAC\/4to_Trim\/20.-%20Indicadores%20de%20Resultado.pdf\" title=\"\">20.- Indicadores de Resultado<\/a><\/td><\/tr><tr><td><a href=\"https:\/\/municipiolahuacana.com\/DIF\/2024\/CONAC\/4to_Trim\/21.-%20Montos%20pagados%20por%20ayudas%20y%20subsidios.pdf\" title=\"\">21.- Montos pagados por ayudas y subsidios<\/a><\/td><\/tr><\/tbody><\/table><\/figure>\n\n","protected":false},"excerpt":{"rendered":"<p>1 .- Estado de actividades 2.- Estado de situaci\u00f3n financiera 3 .- Estado de variaci\u00f3n en la hacienda p\u00fablica 4 .- Estado de cambios en la situaci\u00f3n financiera 5 .-Estado de flujos de efectivo 6 .- Estado anal\u00edtico del activo 7.- Estado anal\u00edtico de la deuda y otros pasivos 8.- [&hellip;]<\/p>\n","protected":false},"author":1,"featured_media":0,"parent":0,"menu_order":0,"comment_status":"closed","ping_status":"closed","template":"","meta":{"om_disable_all_campaigns":false,"_monsterinsights_skip_tracking":false,"_monsterinsights_sitenote_active":false,"_monsterinsights_sitenote_note":"","_monsterinsights_sitenote_category":0,"footnotes":""},"class_list":["post-1350","page","type-page","status-publish","hentry"],"aioseo_notices":[],"_links":{"self":[{"href":"https:\/\/municipiolahuacana.com\/index.php\/wp-json\/wp\/v2\/pages\/1350","targetHints":{"allow":["GET"]}}],"collection":[{"href":"https:\/\/municipiolahuacana.com\/index.php\/wp-json\/wp\/v2\/pages"}],"about":[{"href":"https:\/\/municipiolahuacana.com\/index.php\/wp-json\/wp\/v2\/types\/page"}],"author":[{"embeddable":true,"href":"https:\/\/municipiolahuacana.com\/index.php\/wp-json\/wp\/v2\/users\/1"}],"replies":[{"embeddable":true,"href":"https:\/\/municipiolahuacana.com\/index.php\/wp-json\/wp\/v2\/comments?post=1350"}],"version-history":[{"count":4,"href":"https:\/\/municipiolahuacana.com\/index.php\/wp-json\/wp\/v2\/pages\/1350\/revisions"}],"predecessor-version":[{"id":1357,"href":"https:\/\/municipiolahuacana.com\/index.php\/wp-json\/wp\/v2\/pages\/1350\/revisions\/1357"}],"wp:attachment":[{"href":"https:\/\/municipiolahuacana.com\/index.php\/wp-json\/wp\/v2\/media?parent=1350"}],"curies":[{"name":"wp","href":"https:\/\/api.w.org\/{rel}","templated":true}]}}