{"id":1183,"date":"2024-08-06T01:00:05","date_gmt":"2024-08-06T06:00:05","guid":{"rendered":"https:\/\/municipiolahuacana.com\/?page_id=1183"},"modified":"2024-08-06T01:12:04","modified_gmt":"2024-08-06T06:12:04","slug":"capam-conac-2do-trimestre-2024","status":"publish","type":"page","link":"https:\/\/municipiolahuacana.com\/index.php\/capam-conac-2do-trimestre-2024\/","title":{"rendered":"CAPAM \u2013 CONAC 2do Trimestre 2024"},"content":{"rendered":"\n<figure class=\"wp-block-table is-style-stripes\"><table class=\"has-fixed-layout\"><tbody><tr><td><a href=\"http:\/\/www.municipiolahuacana.com\/capam\/CONAC\/2024\/2do_Trim\/EstAct2dotri24.PDF\" title=\"\">ESTADO DE ACTIVIDADES<\/a><\/td><\/tr><tr><td><a href=\"http:\/\/www.municipiolahuacana.com\/capam\/CONAC\/2024\/2do_Trim\/EstAnalActiv2dotri24.PDF\" title=\"\">ESTADO ANAL\u00cdTICO DEL ACTIVO<\/a><\/td><\/tr><tr><td><a href=\"http:\/\/www.municipiolahuacana.com\/capam\/CONAC\/2024\/2do_Trim\/EstCambSitFin2dotri24.PDF\" title=\"\">ESTADO DE CAMBIOS DE SITUACI\u00d3N FINANCIERA<\/a><\/td><\/tr><tr><td><a href=\"http:\/\/www.municipiolahuacana.com\/capam\/CONAC\/2024\/2do_Trim\/EstdVarHacPub2dotri24.PDF\" title=\"\">ESTADO DE VARIACI\u00d3N EN LA HACIENDA P\u00daBLICA<\/a><\/td><\/tr><tr><td><a href=\"http:\/\/www.municipiolahuacana.com\/capam\/CONAC\/2024\/2do_Trim\/EstFlujEfec2dotri24.PDF\" title=\"\">ESTADO DE FLUJOS DE EFECTIVO<\/a><\/td><\/tr><tr><td><a href=\"http:\/\/www.municipiolahuacana.com\/capam\/CONAC\/2024\/2do_Trim\/EstSitFinan2dotri24.PDF\" title=\"\">ESTADO DE SITUACI\u00d3N FINANCIERA<\/a><\/td><\/tr><tr><td><a href=\"http:\/\/www.municipiolahuacana.com\/capam\/CONAC\/2024\/2do_Trim\/NotEstFin2dotrri24.PDF\" title=\"\">NOTAS A LOS ESTADOS FINANCIEROS<\/a><\/td><\/tr><tr><td><a href=\"http:\/\/www.municipiolahuacana.com\/capam\/CONAC\/2024\/2do_Trim\/F%29%20NOTAS%20ESTADOS%20FINANCIEROS%20CAPAM.pdf\" title=\"\">F) NOTAS ESTADOS FINANCIEROS CAPAM<\/a><\/td><\/tr><\/tbody><\/table><\/figure>\n\n","protected":false},"excerpt":{"rendered":"<p>ESTADO DE ACTIVIDADES ESTADO ANAL\u00cdTICO DEL ACTIVO ESTADO DE CAMBIOS DE SITUACI\u00d3N FINANCIERA ESTADO DE VARIACI\u00d3N EN LA HACIENDA P\u00daBLICA ESTADO DE FLUJOS DE EFECTIVO ESTADO DE SITUACI\u00d3N FINANCIERA NOTAS A LOS ESTADOS FINANCIEROS F) NOTAS ESTADOS FINANCIEROS CAPAM<\/p>\n","protected":false},"author":1,"featured_media":0,"parent":0,"menu_order":0,"comment_status":"closed","ping_status":"closed","template":"","meta":{"om_disable_all_campaigns":false,"_monsterinsights_skip_tracking":false,"_monsterinsights_sitenote_active":false,"_monsterinsights_sitenote_note":"","_monsterinsights_sitenote_category":0,"footnotes":""},"class_list":["post-1183","page","type-page","status-publish","hentry"],"aioseo_notices":[],"_links":{"self":[{"href":"https:\/\/municipiolahuacana.com\/index.php\/wp-json\/wp\/v2\/pages\/1183","targetHints":{"allow":["GET"]}}],"collection":[{"href":"https:\/\/municipiolahuacana.com\/index.php\/wp-json\/wp\/v2\/pages"}],"about":[{"href":"https:\/\/municipiolahuacana.com\/index.php\/wp-json\/wp\/v2\/types\/page"}],"author":[{"embeddable":true,"href":"https:\/\/municipiolahuacana.com\/index.php\/wp-json\/wp\/v2\/users\/1"}],"replies":[{"embeddable":true,"href":"https:\/\/municipiolahuacana.com\/index.php\/wp-json\/wp\/v2\/comments?post=1183"}],"version-history":[{"count":3,"href":"https:\/\/municipiolahuacana.com\/index.php\/wp-json\/wp\/v2\/pages\/1183\/revisions"}],"predecessor-version":[{"id":1187,"href":"https:\/\/municipiolahuacana.com\/index.php\/wp-json\/wp\/v2\/pages\/1183\/revisions\/1187"}],"wp:attachment":[{"href":"https:\/\/municipiolahuacana.com\/index.php\/wp-json\/wp\/v2\/media?parent=1183"}],"curies":[{"name":"wp","href":"https:\/\/api.w.org\/{rel}","templated":true}]}}