{"id":1138,"date":"2024-05-17T17:31:21","date_gmt":"2024-05-17T22:31:21","guid":{"rendered":"https:\/\/municipiolahuacana.com\/?page_id=1138"},"modified":"2024-05-17T17:34:14","modified_gmt":"2024-05-17T22:34:14","slug":"capam-ldf-1er-trimestre-2024","status":"publish","type":"page","link":"https:\/\/municipiolahuacana.com\/index.php\/capam-ldf-1er-trimestre-2024\/","title":{"rendered":"CAPAM \u2013 LDF 1er Trimestre 2024"},"content":{"rendered":"\n<figure class=\"wp-block-table is-style-stripes\"><table><tbody><tr><td><a href=\"http:\/\/www.municipiolahuacana.com\/capam\/Ley_Dis_Fin\/2024\/1er_Trim\/BalancePresupestario1erttri24.PDF\" title=\"\">Balance Presupuestario<\/a><\/td><\/tr><tr><td><a href=\"http:\/\/www.municipiolahuacana.com\/capam\/Ley_Dis_Fin\/2024\/1er_Trim\/EstAnaEjercPrespEgreDetaClasFunc1ertri24.PDF\" title=\"\">Estado Anal\u00edtico del Ejercicio del Presupuesto de Egresos Detallado Clasificaci\u00f3n Funcional<\/a><\/td><\/tr><tr><td><a href=\"http:\/\/www.municipiolahuacana.com\/capam\/Ley_Dis_Fin\/2024\/1er_Trim\/EstAnaEjerPrepEgrDetClasServPerso1ertri24.PDF\" title=\"\">Estado Anal\u00edtico del Ejercicio del Presupuesto de Egresos Detallado Clasificaci\u00f3n Servicios Personales<\/a><\/td><\/tr><tr><td><a href=\"http:\/\/www.municipiolahuacana.com\/capam\/Ley_Dis_Fin\/2024\/1er_Trim\/EstdAnaEjercPrespEgreDeta1erttri24.PDF\" title=\"\">Estado Anal\u00edtico del Ejercicio del Presupuesto de Egresos Detallado &#8211; LDF<\/a><\/td><\/tr><tr><td><a href=\"http:\/\/www.municipiolahuacana.com\/capam\/Ley_Dis_Fin\/2024\/1er_Trim\/EstdAnaEjercPrespEgreDetClasAdmon1ertri24.PDF\" title=\"\">Estado Anal\u00edtico del Ejercicio del Presupuesto de Egresos Detallado Clasificaci\u00f3n Admon<\/a><\/td><\/tr><tr><td><a href=\"http:\/\/www.municipiolahuacana.com\/capam\/Ley_Dis_Fin\/2024\/1er_Trim\/EstdAnal.IngDetallado1ertri24.PDF\" title=\"\">Estado Anal\u00edtico de Ingresos Detallado<\/a><\/td><\/tr><tr><td><a href=\"http:\/\/www.municipiolahuacana.com\/capam\/Ley_Dis_Fin\/2024\/1er_Trim\/EstSitFinancieradetallado1ertri24.PDF\" title=\"\">Estado de Situaci\u00f3n Financiera detallado<\/a><\/td><\/tr><tr><td><a href=\"http:\/\/www.municipiolahuacana.com\/capam\/Ley_Dis_Fin\/2024\/1er_Trim\/InfAnalDeudPublOtroPasi1ertri24.PDF\" title=\"\">Informe Anal\u00edtico de la Deuda P\u00fablica Otros Pasivos<\/a><\/td><\/tr><tr><td><a href=\"http:\/\/www.municipiolahuacana.com\/capam\/Ley_Dis_Fin\/2024\/1er_Trim\/InfAnalObliDiffFinan1ergtri24.PDF\" title=\"\">Informe Anal\u00edtico de Obligaciones Diferentes de Financiamientos &#8211; LDF<\/a><\/td><\/tr><tr><td><a href=\"http:\/\/www.municipiolahuacana.com\/capam\/Ley_Dis_Fin\/2024\/1er_Trim\/InformeEstudios%20Acuariales1ertrim24.PDF\" title=\"\">Informe Estudios Actuariales<\/a><\/td><\/tr><tr><td><a href=\"http:\/\/www.municipiolahuacana.com\/capam\/Ley_Dis_Fin\/2024\/1er_Trim\/ProyecdeEgresos1ertri24.PDF\" title=\"\">Proyecciones de Egresos<\/a><\/td><\/tr><tr><td><a href=\"http:\/\/www.municipiolahuacana.com\/capam\/Ley_Dis_Fin\/2024\/1er_Trim\/Proyeciones%20de%20Ingres1ertri24.PDF\" title=\"\">Proyecciones de Ingresos<\/a><\/td><\/tr><tr><td><a href=\"http:\/\/www.municipiolahuacana.com\/capam\/Ley_Dis_Fin\/2024\/1er_Trim\/ResultadosEgresos1ertrim24.PDF\" title=\"\">Resultados de Egresos<\/a><\/td><\/tr><tr><td><a href=\"http:\/\/www.municipiolahuacana.com\/capam\/Ley_Dis_Fin\/2024\/1er_Trim\/ResultadosIngresos1ertrim24.PDF\" title=\"\">Resultados de Ingresos<\/a><\/td><\/tr><\/tbody><\/table><\/figure>\n\n","protected":false},"excerpt":{"rendered":"<p>Balance Presupuestario Estado Anal\u00edtico del Ejercicio del Presupuesto de Egresos Detallado Clasificaci\u00f3n Funcional Estado Anal\u00edtico del Ejercicio del Presupuesto de Egresos Detallado Clasificaci\u00f3n Servicios Personales Estado Anal\u00edtico del Ejercicio del Presupuesto de Egresos Detallado &#8211; LDF Estado Anal\u00edtico del Ejercicio del Presupuesto de Egresos Detallado Clasificaci\u00f3n Admon Estado Anal\u00edtico de [&hellip;]<\/p>\n","protected":false},"author":1,"featured_media":0,"parent":0,"menu_order":0,"comment_status":"closed","ping_status":"closed","template":"","meta":{"om_disable_all_campaigns":false,"_monsterinsights_skip_tracking":false,"_monsterinsights_sitenote_active":false,"_monsterinsights_sitenote_note":"","_monsterinsights_sitenote_category":0,"footnotes":""},"class_list":["post-1138","page","type-page","status-publish","hentry"],"aioseo_notices":[],"_links":{"self":[{"href":"https:\/\/municipiolahuacana.com\/index.php\/wp-json\/wp\/v2\/pages\/1138","targetHints":{"allow":["GET"]}}],"collection":[{"href":"https:\/\/municipiolahuacana.com\/index.php\/wp-json\/wp\/v2\/pages"}],"about":[{"href":"https:\/\/municipiolahuacana.com\/index.php\/wp-json\/wp\/v2\/types\/page"}],"author":[{"embeddable":true,"href":"https:\/\/municipiolahuacana.com\/index.php\/wp-json\/wp\/v2\/users\/1"}],"replies":[{"embeddable":true,"href":"https:\/\/municipiolahuacana.com\/index.php\/wp-json\/wp\/v2\/comments?post=1138"}],"version-history":[{"count":3,"href":"https:\/\/municipiolahuacana.com\/index.php\/wp-json\/wp\/v2\/pages\/1138\/revisions"}],"predecessor-version":[{"id":1142,"href":"https:\/\/municipiolahuacana.com\/index.php\/wp-json\/wp\/v2\/pages\/1138\/revisions\/1142"}],"wp:attachment":[{"href":"https:\/\/municipiolahuacana.com\/index.php\/wp-json\/wp\/v2\/media?parent=1138"}],"curies":[{"name":"wp","href":"https:\/\/api.w.org\/{rel}","templated":true}]}}